n factor of v and o?
2
Let y = -171 + 313. Calculate the highest common factor of y and 71.
71
Suppose -2*d = -11*c + 8*c - 150, -236 = -3*d - c. Suppose 69 = 2*u - 9. What is the highest common divisor of d and u?
39
Suppose 25 = 5*i, q - 2*q = -2*i + 8. Suppose 2*r - 16 = -q*r. What is the greatest common divisor of 20 and r?
4
Let m = -22 + 22. Let t be (0 - m)/(2/2). Suppose -v - 4*v + 30 = t. Calculate the greatest common divisor of v and 12.
6
Suppose -12*i = -3*i - 2052. Let y = 326 - i. Suppose 2*w + 3*w = 70. Calculate the greatest common divisor of y and w.
14
Suppose -q - 15 = -5*g, 0*q - 17 = -g + 3*q. Suppose 20 = i - g. Suppose -68 = -2*s - 2. Calculate the highest common divisor of i and s.
11
Suppose -3*w - 12 = w. Let f be -1*(-39)/w + 3. Let r = f - -12. Calculate the highest common factor of 8 and r.
2
Let a = 7 + 0. Suppose g + d = 5, -d - 55 = 2*g - a*g. What is the greatest common divisor of 2 and g?
2
Let b(w) = -w**3 + 8*w**2 - 8*w + 9. Let r(k) = 3*k + 6. Let c be r(0). Let u be b(c). Suppose z - 3*z + 22 = 0. What is the highest common factor of z and u?
11
Let c be -9*1 + -35 + 84. What is the highest common divisor of 100 and c?
20
Let p(x) = 2*x**2 - 2*x - 6. Let b be p(4). Let d be (-4)/(-18) + -4 + (-5320)/(-36). Calculate the highest common factor of d and b.
18
Let w(d) = -3*d**2 - 2*d + 5. Let k(h) = -h**2 - h - 1. Let b(m) = -4*k(m) + w(m). Let s be b(-6). What is the greatest common divisor of s and 11?
11
Let v(w) = w**2 - 30*w + 36. Let c be v(24). Let m = c + 141. Let p be (2/(-3))/(-1)*33. What is the greatest common factor of p and m?
11
Let k(j) = 59*j**2 - 2*j + 1. Let g be k(1). Suppose 0 = -8*p + 12*p - 4, -5*u + g = -2*p. What is the highest common divisor of u and 6?
6
Suppose -5*d = 25, 0 = 4*q + 5*d - 2*d - 657. Suppose 0 = -4*z - 3*u + 90, -5*z + 27*u + 128 = 23*u. Calculate the greatest common factor of z and q.
24
Let o(l) = 4*l**2. Let p be o(-1). Suppose 1089 - 1111 = -11*z. Calculate the highest common factor of p and z.
2
Let i = 25 - 38. Let s = 144 - 95. Let h = s + i. Calculate the highest common factor of h and 90.
18
Suppose -z + 20 = -0*z + 2*j, 0 = -3*j. Suppose 4*l + 0*l + 7 = -3*o, 2*o + z = 5*l. Calculate the highest common divisor of l and 14.
2
Let j be 1 - -130 - (6 - 4). What is the greatest common factor of 43 and j?
43
Suppose 3*q + 0*p = 3*p + 141, 4*p = 12. Let z = -43 + q. Calculate the greatest common divisor of z and 49.
7
Let s be (66/2*226)/2 + -3. What is the highest common divisor of s and 138?
138
Suppose -5*d = -5*k + 50, -2 = -2*d + 8. Calculate the highest common factor of k and 80.
5
Let j be 4/(-6) + 1/(-3). Let k be (-1696)/(-16) - (-1 - j). Suppose -4*z - k = -2*m - z, m + 5*z - 40 = 0. Calculate the highest common divisor of 20 and m.
10
Suppose 2 = 2*z - 2. Suppose -17*t - 361 + 480 = 0. Calculate the greatest common factor of t and z.
1
Let z be -34*(-148)/40 - (-2)/10. What is the greatest common factor of z and 36?
18
Let f = -676 - -677. Calculate the highest common factor of f and 142.
1
Suppose -456 = -3*b + 264. Suppose z - 5 = -2*j - 4*z, -2*z + 2 = 2*j. Suppose -5*y = 3*g - 85, -2*y - 2 = -j*y. What is the highest common factor of b and g?
30
Let s be (-20978)/(-187) - 4/22. Calculate the greatest common factor of 64 and s.
16
Suppose 16 = 5*s + c - 8, 30 = 5*s - 5*c. Suppose 36 - 9 = 2*z + 5*v, v = s*z. Let x be 1/(-3) + 34/3. Calculate the highest common factor of z and x.
1
Let b(u) = -u**2 + 33*u + 249. Let c be b(-6). Calculate the highest common divisor of 81 and c.
3
Let d = -75 + 61. Let r = 62 - d. What is the highest common factor of r and 19?
19
Let c = -18 - -21. Suppose -37 = -2*m + 3*f, -f + 53 = m + c*m. Let v = 24 + -10. Calculate the greatest common divisor of m and v.
14
Suppose -14*r + 87 + 165 = 0. What is the highest common factor of 24 and r?
6
Let p = -178 + 182. Calculate the highest common factor of 16 and p.
4
Let x be (39/8)/13 + (-138)/(-16). Let i be 3 - (-1 - 0 - -1). Suppose -3*n + 5*z + 14 = -0*n, -i*n = 4*z - 5. Calculate the highest common divisor of x and n.
3
Let d be 13/((-65)/(-310)) - -2. What is the greatest common divisor of 32 and d?
32
Suppose -p + 113 = -153. Calculate the greatest common factor of p and 14.
14
Let h be 51/(((-60)/(-128))/5). What is the greatest common factor of h and 17?
17
Suppose 202*j - 209*j + 784 = 0. Let z = -35 + 49. What is the greatest common divisor of z and j?
14
Let i be (-6045)/(-130) + (-2)/4. What is the greatest common divisor of 2 and i?
2
Let a be (4 + -2)*(4 - 1). Let j = -92 + 284. Calculate the highest common divisor of j and a.
6
Suppose -110*u = -100*u - 550. Let c = 93 + -60. What is the highest common factor of c and u?
11
Let w(o) = 3*o**2 - 107*o - 13. Let s be w(46). Calculate the highest common factor of 9 and s.
9
Let v be (458/8)/(6/24). Suppose 2*c = 3*a - 3*c + v, 5*a + 386 = 4*c. Let j = -23 - a. Calculate the greatest common factor of j and 11.
11
Let q = -817 + 819. What is the highest common divisor of q and 10?
2
Let v be -4*(-2)/32*48. Calculate the highest common divisor of 66 and v.
6
Suppose 3*l - 2*f = 24, 5 = -4*f - 7. Suppose 0 = 2*y - l + 4. Calculate the greatest common factor of 5 and y.
1
Let i(k) = 60*k**3 + k**2 - 7*k + 10. Let t be i(2). What is the greatest common factor of 360 and t?
120
Suppose 2*x - 21 = x. Let g be (-81)/(-12) - 9/(-36). Suppose -g*n - 945 = -12*n. Calculate the highest common factor of n and x.
21
Let q = 1653 + -1640. Let k(z) = 25*z + 2. Let p be k(2). Calculate the greatest common factor of q and p.
13
Suppose 3*g - 46 = d - 7, 3*g - 30 = -2*d. Let c(i) = i**3 - 11*i**2 - 12*i + 12. Let f be c(g). What is the highest common factor of 8 and f?
4
Let b = 1566 + -1552. Calculate the highest common divisor of b and 266.
14
Let a be ((-48)/(-15) - 2)/(2/10). Let p be 2/a - 166*1/(-6). Suppose 2*l = -3*l + 70. Calculate the highest common divisor of p and l.
14
Let o(v) = -v**3 - 7*v**2 - v - 5. Let z be o(-7). Let y be ((-22)/(-4) + -4)/((-2)/(-16)). What is the greatest common factor of z and y?
2
Suppose 0 = 2*f - 3*f - 4. Let s(l) be the second derivative of -l**3/2 + l**2 + 37*l. Let c be s(f). What is the highest common divisor of c and 14?
14
Let u(f) = 2*f**2 - 18*f - 8. Let l be u(11). Calculate the greatest common factor of l and 30.
6
Let k be (-7)/28 - 210/(-8). Suppose -k = 2*f - 106. Let m(g) = 6*g**2 - 6*g + 5. Let c be m(1). What is the greatest common factor of c and f?
5
Suppose -4*a + 45 = -7*a. Suppose 0 = 2*q + 3 + 1. Let l = q - a. What is the highest common factor of 117 and l?
13
Let y be 5/3*14*(4 + -1). Let b = y + -66. Calculate the greatest common factor of b and 44.
4
Let c(z) = -z**2 - 67*z + 444. Let b be c(-72). What is the greatest common divisor of b and 636?
12
Let q be (-27)/(-12)*(-32)/(-6). Suppose 2*k - 24 - 30 = 0. Let a = 39 - k. What is the highest common factor of q and a?
12
Let m be 104/1092 - (-500)/42. What is the highest common divisor of 324 and m?
12
Suppose 0 = -9*l + 12*l - 2460. Calculate the highest common divisor of l and 20.
20
Let i be 6/(-4) - (141/(-6) + 0). Suppose -4*w - 3*s = -i, -s + 15 = 4*w - 3. Calculate the greatest common factor of 44 and w.
4
Suppose 5*t - 828 = -5*y + 17, 3*y - t - 527 = 0. Calculate the highest common divisor of y and 12.
6
Let m = -237 + 246. Calculate the highest common divisor of 63 and m.
9
Suppose 6*l = 4*l + 38. Suppose 3*z + 2450 = 10*z. Suppose -5*h + 5*w = -z - 625, -5*w - 25 = 0. Calculate the greatest common factor of l and h.
19
Suppose 157 = 5*f + 2*w, -5*f - 7*w = -3*w - 149. Calculate the greatest common factor of 3 and f.
3
Let v = -56 - -40. Let t be v/(-10)*10/(-2 - -4). Calculate the greatest common divisor of 64 and t.
8
Let v be ((-1)/(-2))/(6/1188). Let d = 0 + -1. Let p = d - -10. Calculate the greatest common divisor of v and p.
9
Let c(q) = -7*q - 9. Let v be c(-9). Suppose -8 = -4*o + 5*s, -2*o + 7*o - 10 = -5*s. Suppose g - 4 = o. Calculate the highest common divisor of g and v.
6
Let v = -1 + 9. Let o = 12 - v. Suppose 0 = 4*u - o*y - 68, 4*y + 16 + 22 = 2*u. Calculate the greatest common factor of 3 and u.
3
Let l = 46 - 36. Let a = -36 - -38. What is the highest common divisor of l and a?
2
S